 Let a(y) be the first derivative of -5*y**2/2 + y + 1. Give a(u).
-4
Let i(t) = -2*t - 4. Let w(x) = 2*x**3 + 4 - 3*x**3 - 12*x + 12*x**2 + 10. Let h be w(11). Calculate i(h).
-10
Let n = -15 - -21. Suppose 2*y = n*y + 20. Let x(t) = t**3 + 5*t**2 + 3*t + 7. Give x(y).
-8
Let o(m) = -27 + 34 - 2*m + m. Calculate o(0).
7
Let y(s) = -s**3 + 9*s - 2*s - 5*s + 4*s**2 + 7. Determine y(5).
-8
Let a(d) = 0*d + 3*d - d - 7 - 2. Let g be a(6). Let s(h) be the third derivative of -h**5/60 + h**4/24 - h**2. What is s(g)?
-6
Let b(z) = -z. Let c(i) = 2*i + 4 - 4*i + i + 1. Let s be c(4). Let j(x) = x**2 - x - 2. Let w(t) = s*j(t) + 3*b(t). Calculate w(5).
3
Let x(p) = -4*p**2 + 4*p - 2. Suppose -4 = 63*h - 65*h. What is x(h)?
-10
Suppose 4*z = -4*t + 20, t + 1 = z - 2*t. Suppose 0 = 5*f + 4 - 54. Suppose r - f = -z*r. Let q(o) = o - 4. Calculate q(r).
-2
Let s(c) be the third derivative of c**5/60 + c**4/8 + c**3/6 - 7*c**2. Calculate s(-4).
5
Let f(c) = 6*c + 4*c + 3*c - 24*c. What is f(1)?
-11
Let w(c) be the third derivative of 0 + 1/6*c**4 + 2*c**2 + 0*c - 5/6*c**3 + 1/60*c**5. Give w(-5).
0
Let r(l) = -l - 5. Suppose 12*n - 6*n + 18 = 0. Calculate r(n).
-2
Let g(o) = -22*o + 29*o + o**2 + 2 - 2. Calculate g(-4).
-12
Let s(q) = q**2 + 7*q + 5. Let j = 1 - 6. Determine s(j).
-5
Let h(q) = -2*q + 2 - 5 + 11 + 3*q. Give h(-4).
4
Let z(j) be the third derivative of 0*j + 0 - 2*j**2 + 1/24*j**4 + 1/6*j**3. Determine z(-5).
-4
Let q(j) = -j + 10. Suppose -23 = -5*u + 12. What is q(u)?
3
Let h(s) be the second derivative of 0 + 1/2*s**3 + 1/2*s**2 - 1/24*s**4 + s. Let r(u) be the first derivative of h(u). Calculate r(5).
-2
Let f(q) = -q**2 - q. Let l(j) = -j**3 + 5*j**2 + 8*j - 3. Let n(p) = -3*f(p) - l(p). What is n(4)?
15
Let s(w) be the second derivative of -5/12*w**4 - 6*w + 1/6*w**3 + 1/20*w**5 + w**2 + 0. Suppose 4*i - 7 - 9 = 0. Give s(i).
-10
Let f(s) = s - 7. Let d be 2/(-13) - 160/(-26). What is f(d)?
-1
Let o(n) = 0*n + 4*n - 1 + 0*n + 2*n**2. Let a = 11 - 11. Let y(x) = -x**2 - 3. Let i be y(a). What is o(i)?
5
Let c(q) = -q**3 - 5*q**2 + 3*q + 7. Let n = 6 - 8. Let f be n - (-20 - 1) - -1. Suppose 5*j = -2*a - f, 2*a + a = -3*j - 21. Determine c(a).
-8
Suppose 0 = -5*d - t + 4, 3*d = -4*t + t. Let g be 3 + (-2)/(6/3). Let a(s) = -s - 13*s**2 + 2*s + 5*s**g. Determine a(d).
-7
Let l = 70 + -68. Let k(z) = 2*z**3 - 1. What is k(l)?
15
Let n(i) be the second derivative of -i**3/3 + i. Let s(z) = -z**3 - 2*z**2 + 3*z - 2. Let v be s(1). Give n(v).
4
Let h(x) be the first derivative of -x**3/3 + 4*x**2 - 7*x + 2. Let a be (-4)/(-2 + -2) + 4. Give h(a).
8
Let l(v) be the third derivative of v**9/60480 + v**8/4032 + v**7/1680 - v**6/360 - v**5/15 - 5*v**2. Let m(z) be the third derivative of l(z). Calculate m(-4).
2
Let m(t) = -12*t**2 + 4*t - 4. Let f(w) = -w + 1. Let a(p) = -5*f(p) - m(p). Calculate a(1).
12
Suppose 0 = -4*a + 19 + 1. Suppose 3*m - a*d - 16 = m, -5*m + 5*d = -25. Let l(n) = n**3 + m*n**2 + 0 + 1 - 2. Calculate l(-3).
-1
Suppose 3*o + 3*h - 33 = 0, -50 = -o - 4*o - 4*h. Let w(d) = 10*d + d - o + 6. Give w(-1).
-11
Suppose 0 = d - 4*y - 24, 0*d + 3*y = -2*d - 7. Let c(i) = 2*i + 3. Determine c(d).
11
Let a(w) = -6*w + 3*w**2 + 3*w**2 + 0*w**2 - w**3. Let x(r) = -r - 3. Let i be -3 + (-2)/1 - 2. Let h be x(i). What is a(h)?
8
Suppose 5 = f - 2*z, -3*f + 0*f + 14 = -5*z. Let p(k) = -2 + f*k + 0*k**3 - 3*k**2 + 0*k**3 + k**3. Suppose -3 = o - 5*l, 4*l = 4*o - 6*o + 8. Calculate p(o).
0
Let x(g) = g**2 + g**3 - 2*g**3 + 2*g**2 - 4 + 2*g. Calculate x(3).
2
Let i(w) = 2*w**2 - 3*w - 12. Let m be i(-2). Let z(o) be the first derivative of -o**4/2 + o**3 - o**2 + 2*o - 1. Calculate z(m).
-6
Let i(f) = -4 + f**2 - 4 - 2 + f. Suppose -3*u = -7*u + u. Determine i(u).
-10
Let d(a) = 2*a**2 - 9*a - 6. Let l(o) = 3*o**2 - 10*o - 6. Let q(s) = 4*d(s) - 3*l(s). Let r(k) = k - 2. Let m be r(-2). Calculate q(m).
2
Let b(h) = -4*h. Let c(o) = o**3 + 5*o**2 - 5*o + 7. Let f be c(-6). Let u be 2/f - (-3 - -3). Suppose 0 = -2*g - 0 + u. Calculate b(g).
-4
Let u = -11 - -9. Let z(q) = 4*q**3 + 7*q**2 + 2*q + 6. Let m(w) = 3*w**3 + 5*w**2 + w + 4. Let s be (3/(-9))/(4/60). Let r(t) = s*z(t) + 7*m(t). What is r(u)?
-4
Let s(w) = -6*w - 5. Let m(c) = -c - 1. Let p(b) = -5*m(b) + s(b). Suppose -y + 4*d + 21 = 2*y, -15 = -y + 4*d. Calculate p(y).
-3
Let u(z) = z - 3. Suppose 0 = -4*g - 3*i + 5, 2*i = g - 3*i - 30. Suppose -2*d + 5*t - 17 = -d, -5*t + 5 = -g*d. Give u(d).
0
Let j(b) = -b - 3. Let a = -40 + 43. Determine j(a).
-6
Let u(d) = d**3 - 4*d**2 + 1. Let c = 111 + -109. What is u(c)?
-7
Let u(z) = z**3 - 2*z**2 + z - 1. Let b be u(2). Let l(o) = 3*o**2 - o + 5. Let v(n) = 7*n**2 - 2*n + 11. Let g(x) = 9*l(x) - 4*v(x). Give g(b).
-1
Suppose 2*r - 12 = -4*j, 3*j - 8 = -r + 2. Let k be -1 - r - (-1 + -3). Let o(b) = b - 4. Let q be o(k). Let z(p) = 4*p**3 + p**2 - 1. Calculate z(q).
4
Suppose 4*f - 9 + 1 = 0, f - 8 = -2*y. Let q(c) = -10*c**3 - 4*c**3 + 11*c**y. What is q(-1)?
3
Let c(f) be the third derivative of f**4/24 - f**2. Suppose -13 = p + 5*y, 3*y = 7*y + 8. Give c(p).
-3
Suppose m + 86 = z, z - 4*m + 196 = 3*z. Suppose 0 = -5*a - z - 30. Let b be a/14 + (-4)/14. Let i(k) = k**2 - 2. What is i(b)?
2
Let s(w) be the third derivative of w**5/60 - w**3/3 + 3*w**2. Suppose -i + 2 = -2. Suppose -a + 2 = 0, -6*c = -2*c - i*a + 20. What is s(c)?
7
Let d(r) = r**3 + 2 + 6*r + 7*r**2 + r**3 - 3. Let q(i) = -i**3 + i**2 + i. Let h(z) = -d(z) + 6*q(z). Calculate h(-1).
8
Let w(m) = -5*m**2 + 5*m + 8*m**3 + 4*m - 3*m**3 - m. Let v(f) = f**3 + f. Let s(j) = 6*v(j) - w(j). Give s(-5).
10
Let q be -3*((-2)/3)/1. Let j(b) = b - 2 + 4 + q*b - b**2 - 1. Give j(4).
-3
Let c(q) be the first derivative of 3*q**2/2 + 9*q - 11. Determine c(-6).
-9
Let u(g) be the first derivative of g**4/4 - 5*g**3/3 + 5*g**2/2 - 4*g + 3. Let n(c) = -c - 5. Let r be n(-6). Let a be (-39)/(-12) - r/4. Calculate u(a).
-7
Let r(k) = 2*k - 2. Suppose 5*q + 64 = q. Let w = q + 13. Determine r(w).
-8
Let y(g) = g - 2. Let p(f) = f**3 - f**2 - 2*f - 7. Let n be p(0). What is y(n)?
-9
Suppose u = -u. Suppose -4 = 5*n - 14. Let p(m) = u*m - n - 1 + m. What is p(3)?
0
Let n(f) = -f**2 - 6*f + 11. Let z(g) = 1. Let a(w) = n(w) - 3*z(w). Calculate a(-6).
8
Let h(a) be the first derivative of -a**4/4 - 5*a**3/3 - a**2 - 6*a - 4. Give h(-4).
-14
Let c(a) = 5*a**2 - 4*a + 2. Suppose -g - 23 = 5*p, -4*g = 7*p - 4*p + 7. Let y(u) = 0*u**2 + u**g + 1 + 0. Let o(i) = -c(i) + 4*y(i). Calculate o(3).
5
Let c(q) = 7*q + 2. Let g be 8/60 - (-47)/(-15). Give c(g).
-19
Let k = -9 + 10. Let j be ((3 - 2)/(-1))/k. Let c(d) = -2*d**3 - d**2 + d + 1. What is c(j)?
1
Let j(a) = -a**2 - 7*a - 11. Let k be j(-6). Let f(d) = d + 10. What is f(k)?
5
Let q be (-9)/(-4) - 4/16. Let h(j) = -j**2 - j + 2. Let t(b) = b**2 + 2*b - 3. Let a(v) = -5*h(v) - 3*t(v). What is a(q)?
5
Let z be 11 - 0*(0 - -1). Let d(s) = -z*s**3 + 2*s**3 + 2*s**3. What is d(1)?
-7
Suppose 4*z + 65 = 17*z. Let f(k) = 3*k + 3. Determine f(z).
18
Let y(o) be the first derivative of -3 + 1/4*o**4 + 0*o**2 + 1/360*o**6 + 0*o + 7/120*o**5 - o**3. Let w(b) be the third derivative of y(b). Give w(-5).
-4
Suppose 4*o + b - 74 = 0, 4*b + 103 = -o + 6*o. Suppose -5*n - 6 - o = 0. Let x(f) = f**3 + 4*f**2 - 5*f + 4. Calculate x(n).
4
Let c = 4 - 6. Let p = -1 + c. Let w(a) = 0*a**2 - 2 - a**3 - 2*a**2 - 2*a**2 - 2*a. Give w(p).
-5
Let a(n) = n**2 - 2*n - 4. Suppose -2*v = 3*w + v, 5*w - 3*v - 40 = 0. Calculate a(w).
11
Let f(u) = u**3 + 4*u**2 - u + 1. Let i(l) = -l - 20. Let o be i(-17). Calculate f(o).
13
Suppose -5*k - 14 = -2*g, 0 = 2*g - 3*k - 7 + 1. Let x(l) = -l + 3. Give x(g).
6
Suppose 0 = 2*v + f + f, -2*v + 4*f + 18 = 0. Let n(o) be the second derivative of 1/2*o**2 + 0 - 1/12*o**4 + 1/2*o**v + o. What is n(-2)?
-9
Let k(y) = 4 - 6 - 4*y**2 + 3*y**2 - 3*y + 9. Calculate k(-6).
-11
Let x(v) = 3*v**2 - 13*v - 11. Let g(r) = -2*r**2 + 7*r + 6. Let t(w) = -5*g(w) - 3*x(w). Determine t(-2).
-1
Let l = 18 - 13. Suppose 5*s + 9 = l*h - 4*h, -4*h - s = 6. Let v(a) = -7*a**3 - 1. What is v(h)?
6
Let s(o) = -o**3 + o**2 + 5. Let d be s(0). Suppose 3*i + d = 14. Let q(r) = 6 - i - r**3 - 4 - 5*r + 6 + 6*r**2. What is q(5)?
5
Let a = -9 + 8. Let g be a/2*4/(